{"id":19,"date":"2016-09-13T06:52:28","date_gmt":"2016-09-13T06:52:28","guid":{"rendered":"http:\/\/www.studiocerellochesini.it\/web\/?page_id=19"},"modified":"2022-05-30T08:01:13","modified_gmt":"2022-05-30T07:01:13","slug":"contatti","status":"publish","type":"page","link":"https:\/\/www.studiocerellochesini.it\/web\/contatti\/","title":{"rendered":"Contatti"},"content":{"rendered":"<h6>Amministrazioni condominiali e pratiche tecniche<\/h6>\n<div><strong>Studio Cerello &amp; Chesini srl<\/strong><\/div>\n<div>via Bellini 3 &#8211; 7\u00a0 Mestre (VE)<\/div>\n<div><\/div>\n<div>tel: 041 8778158 (si risponde dal luned\u00ec al venerd\u00ec dalle 9 alle 12)<\/div>\n<div><\/div>\n<div>email: <a href=\"mailto:stcerellochesini@gmail.com\">stcerellochesini@gmail.com<\/a><\/div>\n<div><em>\u00a0<\/em><\/div>\n<div>Si riceve solo su appuntamento il marted\u00ec e il mercoled\u00ec dalle 16:00 alle 18:00 e il venerd\u00ec dalle 9:00 alle 12:00.<\/div>\n<div>\n<hr \/>\n<\/div>\n<div><\/div>\n<div><iframe loading=\"lazy\" style=\"border: 0;\" src=\"https:\/\/www.google.com\/maps\/embed?pb=!1m18!1m12!1m3!1d2796.9071863697704!2d12.22776131546991!3d45.49181373962151!2m3!1f0!2f0!3f0!3m2!1i1024!2i768!4f13.1!3m3!1m2!1s0x477eb437746a7ed5%3A0xcc9a36c12c2b9da4!2sStudio+Cerello+%26+Chesini+srl!5e0!3m2!1sit!2sit!4v1474266544072\" width=\"600\" height=\"450\" frameborder=\"0\" allowfullscreen=\"allowfullscreen\"><\/iframe><\/div>\n<div><\/div>\n<div>In caso di comunicazioni indifferibili, nel vano scala del vostro condominio \u00e8 comunque affisso il numero mobile riservato alle sole emergenze attivo tutti i giorni (festivi compresi).<\/div>\n","protected":false},"excerpt":{"rendered":"<p>Amministrazioni condominiali e pratiche tecniche Studio Cerello &amp; Chesini srl via Bellini 3 &#8211; 7\u00a0 Mestre (VE) tel: 041 8778158 (si risponde dal luned\u00ec al venerd\u00ec dalle 9 alle 12) email: stcerellochesini@gmail.com \u00a0 Si riceve solo su appuntamento il marted\u00ec e il mercoled\u00ec dalle 16:00 alle 18:00 e il venerd\u00ec dalle 9:00 alle 12:00. In &hellip; <a href=\"https:\/\/www.studiocerellochesini.it\/web\/contatti\/\" class=\"more-link\">Continua la lettura di <span class=\"screen-reader-text\">Contatti<\/span> <span class=\"meta-nav\">&rarr;<\/span><\/a><\/p>\n","protected":false},"author":1,"featured_media":0,"parent":0,"menu_order":0,"comment_status":"closed","ping_status":"closed","template":"","meta":{"footnotes":""},"class_list":["post-19","page","type-page","status-publish","hentry"],"_links":{"self":[{"href":"https:\/\/www.studiocerellochesini.it\/web\/wp-json\/wp\/v2\/pages\/19","targetHints":{"allow":["GET"]}}],"collection":[{"href":"https:\/\/www.studiocerellochesini.it\/web\/wp-json\/wp\/v2\/pages"}],"about":[{"href":"https:\/\/www.studiocerellochesini.it\/web\/wp-json\/wp\/v2\/types\/page"}],"author":[{"embeddable":true,"href":"https:\/\/www.studiocerellochesini.it\/web\/wp-json\/wp\/v2\/users\/1"}],"replies":[{"embeddable":true,"href":"https:\/\/www.studiocerellochesini.it\/web\/wp-json\/wp\/v2\/comments?post=19"}],"version-history":[{"count":20,"href":"https:\/\/www.studiocerellochesini.it\/web\/wp-json\/wp\/v2\/pages\/19\/revisions"}],"predecessor-version":[{"id":610,"href":"https:\/\/www.studiocerellochesini.it\/web\/wp-json\/wp\/v2\/pages\/19\/revisions\/610"}],"wp:attachment":[{"href":"https:\/\/www.studiocerellochesini.it\/web\/wp-json\/wp\/v2\/media?parent=19"}],"curies":[{"name":"wp","href":"https:\/\/api.w.org\/{rel}","templated":true}]}}

<h6>Amministrazioni condominiali e pratiche tecniche</h6>
<div><strong>Studio Cerello &amp; Chesini srl</strong></div>
<div>via Bellini 3 &#8211; 7  Mestre (VE)</div>
<div></div>
<div>tel: 041 8778158 (si risponde dal lunedì al venerdì dalle 9 alle 12)</div>
<div></div>
<div>email: <a href="mailto:stcerellochesini@gmail.com">stcerellochesini@gmail.com</a></div>
<div><em> </em></div>
<div>Si riceve solo su appuntamento il martedì e il mercoledì dalle 16:00 alle 18:00 e il venerdì dalle 9:00 alle 12:00.</div>
<div>
<hr />
</div>
<div></div>
<div><iframe loading="lazy" style="border: 0;" src="https://www.google.com/maps/embed?pb=!1m18!1m12!1m3!1d2796.9071863697704!2d12.22776131546991!3d45.49181373962151!2m3!1f0!2f0!3f0!3m2!1i1024!2i768!4f13.1!3m3!1m2!1s0x477eb437746a7ed5%3A0xcc9a36c12c2b9da4!2sStudio+Cerello+%26+Chesini+srl!5e0!3m2!1sit!2sit!4v1474266544072" width="600" height="450" frameborder="0" allowfullscreen="allowfullscreen"></iframe></div>
<div></div>
<div>In caso di comunicazioni indifferibili, nel vano scala del vostro condominio è comunque affisso il numero mobile riservato alle sole emergenze attivo tutti i giorni (festivi compresi).</div>

<p>Amministrazioni condominiali e pratiche tecniche Studio Cerello &amp; Chesini srl via Bellini 3 &#8211; 7  Mestre (VE) tel: 041 8778158 (si risponde dal lunedì al venerdì dalle 9 alle 12) email: stcerellochesini@gmail.com   Si riceve solo su appuntamento il martedì e il mercoledì dalle 16:00 alle 18:00 e il venerdì dalle 9:00 alle 12:00. In &hellip; <a href="https://www.studiocerellochesini.it/web/contatti/" class="more-link">Continua la lettura di <span class="screen-reader-text">Contatti</span> <span class="meta-nav">&rarr;</span></a></p>
